 of a.
3, 17
Let k be -1*5*(1 + -12 - -4). Let y = k + 32. List the prime factors of y.
67
Let g = 532 + -503. Let u(n) = n**3 + 5*n**2 - 3*n - 6. Let w be u(-4). Let x = w + g. List the prime factors of x.
3, 17
Let u be (3/6)/(1/104). Suppose -129 = -p - u. List the prime factors of p.
7, 11
Let h be (-60)/(-27) - 4/18. Let i(l) = -l**3 + 5*l**2 - 2*l - 1. Let w be i(4). Suppose h*o - w = 27. What are the prime factors of o?
17
Suppose -6*s + 12 = -2*s. Let q(x) = -2*x + 0 + 4*x**3 - 2*x**3 - 4 - x**s. What are the prime factors of q(3)?
17
Let b = -1834 - -2879. What are the prime factors of b?
5, 11, 19
Let m(n) = -n + 12. Let k be m(12). Suppose -o - 4*j - 1 + 10 = k, 0 = 2*o + 2*j. Let z(p) = -12*p + 2. What are the prime factors of z(o)?
2, 19
List the prime factors of 914770/935 - 8/22.
2, 3, 163
Let o(u) = u**3 - 11*u**2 + 27*u - 50. What are the prime factors of o(12)?
2, 11, 19
Let d(z) = z**2 - 2*z + 28. Let k be d(0). Suppose k*g = 24*g + 48. What are the prime factors of g?
2, 3
Suppose 6*i + 12 - 42 = 0. Suppose 64 - 264 = -i*t. What are the prime factors of t?
2, 5
Let q be -1 + -12 + (6 - -4 - 7). Suppose 5*z + 4*n + 55 = 0, 5*z - 3*n + 0*n + 90 = 0. List the prime factors of z/q*132/9.
2, 11
Let j(a) = 3*a**2 - 5*a - 10. Suppose -2*d - 3*d = -15. Suppose 0 = -4*u + d*c - 13, u + 16 = -2*u - 4*c. What are the prime factors of j(u)?
2, 29
Suppose -a = 3*j - 949, -31*j + 626 = -29*j - a. List the prime factors of j.
3, 5, 7
Suppose 4221 = -55*t + 58*t. List the prime factors of t.
3, 7, 67
Suppose 4*a + 2*c - 8 = 6, -2*a = 3*c - 9. Suppose -r + 3*d = -34, -r - 3*r + 91 = -a*d. List the prime factors of r.
19
List the prime factors of 4028/4 + (3 - (-3 - -7)).
2, 503
List the prime factors of (-4 - -4)/(-7 - -5) + 1194.
2, 3, 199
What are the prime factors of (-4)/10*(-1255)/2?
251
Let d(u) = 7*u - 5. Let w be 4/(-26) - (-1106)/91. Suppose 0 = -3*s + s + 2*b + w, 4*b + 22 = 3*s. List the prime factors of d(s).
3
Let n(w) = w**3 - 11*w**2 + 2*w + 102. What are the prime factors of n(12)?
2, 3, 5
Suppose 0 = 4*h - 2*n - 4926, -h + 3*h = 2*n + 2460. List the prime factors of h.
3, 137
What are the prime factors of (357/(-14))/((-1)/14)?
3, 7, 17
Let k(o) = 40*o + 38. Let s(z) = 39*z + 39. Let w(t) = -2*k(t) + 3*s(t). List the prime factors of w(6).
263
Let q be (-18)/(-24) + (-122)/(-8). Suppose -5*j + q = -j. Suppose -p + 95 = 3*w + j*p, -2*w + 2*p = -42. What are the prime factors of w?
5
Suppose 539*g - 555*g + 37008 = 0. What are the prime factors of g?
3, 257
Let i = -420 + 634. List the prime factors of i.
2, 107
Suppose b = -0*b + 2*a + 57, b - 57 = -5*a. Let p = b - 32. What are the prime factors of p?
5
Let u = 17 + 12. Suppose -28*a = -u*a + 98. What are the prime factors of a?
2, 7
Let w(b) = b**2 - 3*b - 6. Let m be w(-2). Suppose 7*r + 196 = m*t + 3*r, 5*t + 4*r = 245. What are the prime factors of t?
7
Suppose -3*r = -6 + 9. Let w = 20 - r. Suppose -i - w = -4*i. What are the prime factors of i?
7
Let j(f) = -f**2 + 20*f + 3. Suppose -2*l - 28 + 64 = 0. Let u be j(l). Let m = -14 + u. List the prime factors of m.
5
Let c = 6 + -6. Let b = c - -11. List the prime factors of b.
11
Let g(t) = -t**3 + 8*t**2 + 21*t + 22. Let r be g(10). Suppose 2*k = 3*z + 50, z - 15 - 5 = -k. Suppose k = 2*p - r. List the prime factors of p.
3
Suppose -3 = -8*a + 61. Suppose -3*p + a = 2. What are the prime factors of p?
2
Let o be (42/35)/(3/95). Let n = 94 - o. List the prime factors of n.
2, 7
Let u be (-2126)/10 + -3 + 52/20. Let w = 333 + u. List the prime factors of w.
2, 3, 5
Let a(s) = s + 22. Let j be a(-17). Suppose 0 = -j*u + 5, -2*h + 2*u = -230. List the prime factors of h.
2, 29
List the prime factors of ((-13)/39)/((-3)/3384).
2, 47
Suppose 2*c + 3*c = 4*s + 65, 2*c - 13 = -s. Let z be c/1*(16 - 1). Suppose -3*y - 5*k = -z, -108 = -5*y + k + 117. List the prime factors of y.
3, 5
Let i(t) = t**2 - 23*t - 33. Let n be i(21). Let u = 86 + n. List the prime factors of u.
11
Let a be -2 - (-16 - (3 + -1)). Suppose 6*t - 2*t = a, 4*t - 31 = -5*z. Suppose -y - 4*o + 16 = 0, -2*o - 127 = -4*y + z*o. What are the prime factors of y?
2, 7
Let n(w) = w**3 + 13*w**2 + 16*w + 27. Let l be n(-11). Let i = 176 - l. What are the prime factors of i?
83
Let s(y) be the second derivative of y**4/12 + 2*y**3/3 + 327*y**2/2 + 25*y - 1. List the prime factors of s(0).
3, 109
Let l be (-48)/(-22) + (-10)/55. Suppose j - 1 = 0, 3*u - 4*j - 311 = -l*u. List the prime factors of u.
3, 7
Suppose -3*d - 2*d - 38 = 2*g, -d = -3*g + 11. Let v be (-25)/d - 2/16. Suppose -v*r + 5*r - 80 = 0. List the prime factors of r.
2, 5
Suppose 3*x = -m - 12, 10 = 5*m + 2*x - x. Let b be 170 + (1 - m) - -2. Suppose b = 4*z + 34. List the prime factors of z.
2, 17
Let v = 801 + 4. What are the prime factors of v?
5, 7, 23
Let i(o) = o**2 - 6*o + 4. Let h be i(6). Suppose 5*d + z - 1 = 0, 4*d + 0 + h = 4*z. Suppose d = -5*t + 32 + 48. What are the prime factors of t?
2
Let l = -2505 + 3548. Let a = l + -738. List the prime factors of a.
5, 61
Let q(b) = -b**2 - 10*b + 21. Let o be q(-9). Suppose -2*l + o = -3*l. Let n = l + 53. What are the prime factors of n?
23
Let i = 1 - -18. Suppose -i = u - 29. What are the prime factors of u?
2, 5
Let c(n) = 8*n**3 + 1. Suppose -36 - 45 = -v. Let z be (-18)/v + 11/9. What are the prime factors of c(z)?
3
Suppose 36 = 2*u - 4*h, 5*h - 49 - 75 = -4*u. Suppose 5*r - 179 - u = 0. What are the prime factors of r?
41
Let d(c) be the first derivative of 4 - 7*c - c**2 + 1/3*c**3. What are the prime factors of d(5)?
2
Suppose -5*z = -3*b - 11535, 4*b = -3*z + 8113 - 1163. List the prime factors of z.
2, 3, 5, 7, 11
Let q = 24 - 21. Suppose 0 = q*y + i + 3*i - 118, i = 2*y - 75. What are the prime factors of y?
2, 19
What are the prime factors of 42636/180 + (-4)/(-30) + -2?
5, 47
What are the prime factors of (-1 + 6)*1*19?
5, 19
Suppose 10*d = 2*d + 16. Suppose 0 = -d*v + 81 + 3. List the prime factors of v.
2, 3, 7
Suppose -3*v - 3*o - 39 = 2*v, -4*v + 4*o - 44 = 0. Let h = -3 - v. What are the prime factors of (189/(-18))/(h/(-16))?
2, 7
Let d be (0 - -2)*(-21)/7. What are the prime factors of 693/27 + (-2)/d?
2, 13
Let n(k) = 334*k - 753. What are the prime factors of n(11)?
23, 127
Let t(k) = k + 9. Let c be t(0). Suppose -4*h + 0 + 9 = -3*x, -3*h + 3*x = -c. Suppose h = -0*s + s - 24. What are the prime factors of s?
2, 3
Let h = -345 + 358. List the prime factors of h.
13
Let b = -515 + 1141. Let l be 24/156 - b/13. List the prime factors of l/(-80) + 404/10.
41
Let i = 7439 + -5086. Suppose 14*z - z = i. What are the prime factors of z?
181
What are the prime factors of 641 - (7/1 + -1)?
5, 127
Suppose 5*x - w - 19 = 0, -2*x = 3*w - 10 - 1. Let g(p) = p**3 - 2*p**2 - 6*p + 6. What are the prime factors of g(x)?
2, 7
Let t(i) = -7*i**2 + 106 - 109 + 26*i**2. Let j(r) = r**2 - 4*r + 1. Let w be j(3). What are the prime factors of t(w)?
73
Let f = -3212 + 4901. List the prime factors of f.
3, 563
Let n = 12 - 10. Suppose 0 = 2*k + 4*j - n, k + 11 - 24 = 2*j. Suppose 3*c - 11 = 5*g, -c + 4*c - g = k. What are the prime factors of c?
2
Suppose 3*y + 385 = 2*o, 3*y + 2*o + 139 = 2*y. Let c = 207 + y. List the prime factors of c.
2, 19
Suppose 2*p - z + 63 = 16, 0 = -2*z + 10. Let h = p - -70. What are the prime factors of h?
7
Let g = 58 - 34. Let c be 2/7 + g/14. Suppose 24 = c*i - 14. List the prime factors of i.
19
Let t(d) = -d**2 + 6*d + 1. Let b be t(5). Let r be (-6)/(-9) - (-20)/b. Suppose r*y - 83 = p, 3*y + p - 27 = 2*y. List the prime factors of y.
2, 11
Let r(j) = 9*j**2 + 18*j + 78. List the prime factors of r(-22).
2, 3, 673
What are the prime factors of (-16)/(-6) - (-29152)/12?
2, 19
Let o = -100 - -168. Let s = o + -46. List the prime factors of s.
2, 11
Suppose -507*b = -515*b + 736. What are the prime factors of b?
2, 23
What are the prime factors of (-10 + -30)*(-1 - 16)?
2, 5, 17
Suppose 5*z - 113 = -4*a, 0*a + 85 = 4*z + 5*a. Suppose -5*s + 25 + z = 0. List the prime factors of s.
2, 5
Suppose -b + 78 = -3*z - 0*z, -3*b = z - 184. Let i = -8 + b. List the prime factors of ((-88)/i)/((-4)/50).
2, 5
Suppose 35*f + 18039 = 56*f. List the prime factors of f.
859
Let i(y) = y**2 - 6*y - 8. Let f be i(7). List th